{"id":1226,"date":"2022-04-04T15:15:54","date_gmt":"2022-04-04T18:15:54","guid":{"rendered":"http:\/\/hipotdigital.com.br\/?page_id=1226"},"modified":"2022-04-04T16:05:28","modified_gmt":"2022-04-04T19:05:28","slug":"blog","status":"publish","type":"page","link":"https:\/\/hipotdigital.com.br\/?page_id=1226","title":{"rendered":"Blog"},"content":{"rendered":"\t\t<div data-elementor-type=\"wp-page\" data-elementor-id=\"1226\" class=\"elementor elementor-1226\">\n\t\t\t\t\t\t<section class=\"elementor-section elementor-top-section elementor-element elementor-element-09telok elementor-section-content-top elementor-section-boxed elementor-section-height-default elementor-section-height-default\" data-id=\"09telok\" data-element_type=\"section\">\n\t\t\t\t\t\t\t<div class=\"elementor-background-overlay\"><\/div>\n\t\t\t\t\t\t\t<div class=\"elementor-container elementor-column-gap-no\">\n\t\t\t\t\t<div class=\"elementor-column elementor-col-100 elementor-top-column elementor-element elementor-element-5f06cf8\" data-id=\"5f06cf8\" data-element_type=\"column\">\n\t\t\t<div class=\"elementor-widget-wrap elementor-element-populated\">\n\t\t\t\t\t\t<div class=\"elementor-element elementor-element-3be6b62 elementor-widget elementor-widget-heading\" data-id=\"3be6b62\" data-element_type=\"widget\" data-widget_type=\"heading.default\">\n\t\t\t\t<div class=\"elementor-widget-container\">\n\t\t\t\t\t<h1 class=\"elementor-heading-title elementor-size-default\">Encontre aqui Insights e conhecimento para ajudar voc\u00ea a crescer o seu neg\u00f3cio<\/h1>\t\t\t\t<\/div>\n\t\t\t\t<\/div>\n\t\t\t\t<div class=\"elementor-element elementor-element-7364e02 elementor-widget-divider--view-line elementor-widget elementor-widget-divider\" data-id=\"7364e02\" data-element_type=\"widget\" data-widget_type=\"divider.default\">\n\t\t\t\t<div class=\"elementor-widget-container\">\n\t\t\t\t\t\t\t<div class=\"elementor-divider\">\n\t\t\t<span class=\"elementor-divider-separator\">\n\t\t\t\t\t\t<\/span>\n\t\t<\/div>\n\t\t\t\t\t\t<\/div>\n\t\t\t\t<\/div>\n\t\t\t\t\t<\/div>\n\t\t<\/div>\n\t\t\t\t\t<\/div>\n\t\t<\/section>\n\t\t\t\t<section class=\"elementor-section elementor-top-section elementor-element elementor-element-k2nnab1 elementor-section-boxed elementor-section-height-default elementor-section-height-default\" data-id=\"k2nnab1\" data-element_type=\"section\">\n\t\t\t\t\t\t<div class=\"elementor-container elementor-column-gap-no\">\n\t\t\t\t\t<div class=\"elementor-column elementor-col-100 elementor-top-column elementor-element elementor-element-1cba8d2\" data-id=\"1cba8d2\" data-element_type=\"column\">\n\t\t\t<div class=\"elementor-widget-wrap elementor-element-populated\">\n\t\t\t\t\t\t<section class=\"elementor-section elementor-inner-section elementor-element elementor-element-184ad2a elementor-section-boxed elementor-section-height-default elementor-section-height-default\" data-id=\"184ad2a\" data-element_type=\"section\">\n\t\t\t\t\t\t<div class=\"elementor-container elementor-column-gap-no\">\n\t\t\t\t\t<div class=\"elementor-column elementor-col-100 elementor-inner-column elementor-element elementor-element-9f180b0\" data-id=\"9f180b0\" data-element_type=\"column\">\n\t\t\t<div class=\"elementor-widget-wrap elementor-element-populated\">\n\t\t\t\t\t\t<div class=\"elementor-element elementor-element-0466fec elementor-widget-divider--view-line elementor-widget elementor-widget-divider\" data-id=\"0466fec\" data-element_type=\"widget\" data-widget_type=\"divider.default\">\n\t\t\t\t<div class=\"elementor-widget-container\">\n\t\t\t\t\t\t\t<div class=\"elementor-divider\">\n\t\t\t<span class=\"elementor-divider-separator\">\n\t\t\t\t\t\t<\/span>\n\t\t<\/div>\n\t\t\t\t\t\t<\/div>\n\t\t\t\t<\/div>\n\t\t\t\t<div class=\"elementor-element elementor-element-62f588b elementor-widget elementor-widget-heading\" data-id=\"62f588b\" data-element_type=\"widget\" data-widget_type=\"heading.default\">\n\t\t\t\t<div class=\"elementor-widget-container\">\n\t\t\t\t\t<h6 class=\"elementor-heading-title elementor-size-default\">22 DE MAR\u00c7O 2022 \/ 8:00 AM<\/h6>\t\t\t\t<\/div>\n\t\t\t\t<\/div>\n\t\t\t\t<div class=\"elementor-element elementor-element-4bce24a elementor-widget elementor-widget-heading\" data-id=\"4bce24a\" data-element_type=\"widget\" data-widget_type=\"heading.default\">\n\t\t\t\t<div class=\"elementor-widget-container\">\n\t\t\t\t\t<h3 class=\"elementor-heading-title elementor-size-default\">Principais normas de seguran\u00e7a para ensaios el\u00e9tricos<\/h3>\t\t\t\t<\/div>\n\t\t\t\t<\/div>\n\t\t\t\t\t<\/div>\n\t\t<\/div>\n\t\t\t\t\t<\/div>\n\t\t<\/section>\n\t\t\t\t<section class=\"elementor-section elementor-inner-section elementor-element elementor-element-4e88a69 elementor-section-boxed elementor-section-height-default elementor-section-height-default\" data-id=\"4e88a69\" data-element_type=\"section\">\n\t\t\t\t\t\t<div class=\"elementor-container elementor-column-gap-no\">\n\t\t\t\t\t<div class=\"elementor-column elementor-col-50 elementor-inner-column elementor-element elementor-element-ef6b921\" data-id=\"ef6b921\" data-element_type=\"column\">\n\t\t\t<div class=\"elementor-widget-wrap elementor-element-populated\">\n\t\t\t\t\t\t<div class=\"elementor-element elementor-element-a352e76 elementor-widget elementor-widget-image\" data-id=\"a352e76\" data-element_type=\"widget\" data-widget_type=\"image.default\">\n\t\t\t\t<div class=\"elementor-widget-container\">\n\t\t\t\t\t\t\t\t\t\t\t\t\t\t\t<img fetchpriority=\"high\" decoding=\"async\" width=\"2560\" height=\"2560\" src=\"https:\/\/hipotdigital.com.br\/wp-content\/uploads\/2022\/04\/Post-FEV-_-MAR-08-scaled.jpg\" class=\"attachment-full size-full wp-image-1240\" alt=\"\" srcset=\"https:\/\/hipotdigital.com.br\/wp-content\/uploads\/2022\/04\/Post-FEV-_-MAR-08-scaled.jpg 2560w, https:\/\/hipotdigital.com.br\/wp-content\/uploads\/2022\/04\/Post-FEV-_-MAR-08-300x300.jpg 300w, https:\/\/hipotdigital.com.br\/wp-content\/uploads\/2022\/04\/Post-FEV-_-MAR-08-1024x1024.jpg 1024w, https:\/\/hipotdigital.com.br\/wp-content\/uploads\/2022\/04\/Post-FEV-_-MAR-08-150x150.jpg 150w, https:\/\/hipotdigital.com.br\/wp-content\/uploads\/2022\/04\/Post-FEV-_-MAR-08-768x768.jpg 768w, https:\/\/hipotdigital.com.br\/wp-content\/uploads\/2022\/04\/Post-FEV-_-MAR-08-1536x1536.jpg 1536w, https:\/\/hipotdigital.com.br\/wp-content\/uploads\/2022\/04\/Post-FEV-_-MAR-08-2048x2048.jpg 2048w, https:\/\/hipotdigital.com.br\/wp-content\/uploads\/2022\/04\/Post-FEV-_-MAR-08-1320x1320.jpg 1320w, https:\/\/hipotdigital.com.br\/wp-content\/uploads\/2022\/04\/Post-FEV-_-MAR-08-600x600.jpg 600w, https:\/\/hipotdigital.com.br\/wp-content\/uploads\/2022\/04\/Post-FEV-_-MAR-08-100x100.jpg 100w\" sizes=\"(max-width: 2560px) 100vw, 2560px\" \/>\t\t\t\t\t\t\t\t\t\t\t\t\t\t\t<\/div>\n\t\t\t\t<\/div>\n\t\t\t\t\t<\/div>\n\t\t<\/div>\n\t\t\t\t<div class=\"elementor-column elementor-col-50 elementor-inner-column elementor-element elementor-element-2218560\" data-id=\"2218560\" data-element_type=\"column\">\n\t\t\t<div class=\"elementor-widget-wrap elementor-element-populated\">\n\t\t\t\t\t\t<div class=\"elementor-element elementor-element-7f14871 elementor-widget elementor-widget-text-editor\" data-id=\"7f14871\" data-element_type=\"widget\" data-widget_type=\"text-editor.default\">\n\t\t\t\t<div class=\"elementor-widget-container\">\n\t\t\t\t\t\t\t\t\t<p>Seguran\u00e7a \u00e9 fundamental para garantir o bom funcionamento e a capacidade de isolamento de cabos em diversas situa\u00e7\u00f5es e equipamentos. Confira as principais normas de seguran\u00e7a e qualidade que devem ser seguidas:<br \/>NBR 6813 \u2013 Fios e cabos el\u00e9tricos \u2013 Ensaios de resist\u00eancia de isolamento;<br \/>NBR 6814 \u2013 Fios e cabos el\u00e9tricos \u2013 Ensaios de resist\u00eancia el\u00e9trica;<br \/>NBR 6881 \u2013 Fios e cabos el\u00e9tricos de pot\u00eancia \u2013 Ensaios de tens\u00e3o el\u00e9trica;<br \/>NBR 6251 \u2013 Cabos de pot\u00eancia com isola\u00e7\u00e3o estruturada de 1kV a 35kV;<br \/>NBR 7287 \u2013 Cabos de pot\u00eancia com isola\u00e7\u00e3o XLPE de 1kV a 35kV;<br \/>NBR 7286 \u2013 Cabos de pot\u00eancia com isola\u00e7\u00e3o EPR de 1kV a 35kV (Itens 6.2.1.3 \/ 6.2.1.4 \/ 6.2.5 \/ 6.2.5.3 \/ 6.4.3 \/ 6.4.4).<br \/>Quer saber mais como podemos te ajudar ou ajudar sua empresa?<br \/>Nos chame no Whats <img decoding=\"async\" class=\"emoji\" role=\"img\" draggable=\"false\" src=\"https:\/\/s.w.org\/images\/core\/emoji\/13.1.0\/svg\/1f609.svg\" alt=\"\ud83d\ude09\" \/>!<br \/>wa.me\/1120817160<\/p><p><a class=\" xil3i\" tabindex=\"0\" href=\"https:\/\/www.instagram.com\/explore\/tags\/el%C3%A9trica\/\">#el\u00e9trica<\/a><br \/><a class=\" xil3i\" tabindex=\"0\" href=\"https:\/\/www.instagram.com\/explore\/tags\/rigidezdiel%C3%A9trica\/\">#rigidezdiel\u00e9trica<\/a><br \/><a class=\" xil3i\" tabindex=\"0\" href=\"https:\/\/www.instagram.com\/explore\/tags\/ensaioeletrico\/\">#ensaioeletrico<\/a><br \/><a class=\" xil3i\" tabindex=\"0\" href=\"https:\/\/www.instagram.com\/explore\/tags\/hipot\/\">#hipot<\/a><br \/><a class=\" xil3i\" tabindex=\"0\" href=\"https:\/\/www.instagram.com\/explore\/tags\/seguran%C3%A7a\/\">#seguran\u00e7a<\/a><br \/><a class=\" xil3i\" tabindex=\"0\" href=\"https:\/\/www.instagram.com\/explore\/tags\/saopaulo\/\">#saopaulo<\/a><\/p>\t\t\t\t\t\t\t\t<\/div>\n\t\t\t\t<\/div>\n\t\t\t\t<div class=\"elementor-element elementor-element-a05a2dc elementor-widget elementor-widget-button\" data-id=\"a05a2dc\" data-element_type=\"widget\" data-widget_type=\"button.default\">\n\t\t\t\t<div class=\"elementor-widget-container\">\n\t\t\t\t\t\t\t\t\t<div class=\"elementor-button-wrapper\">\n\t\t\t\t\t<a class=\"elementor-button elementor-button-link elementor-size-sm\" href=\"https:\/\/www.instagram.com\/p\/CbxVEwQASqr\/?utm_source=ig_web_copy_link\">\n\t\t\t\t\t\t<span class=\"elementor-button-content-wrapper\">\n\t\t\t\t\t\t<span class=\"elementor-button-icon\">\n\t\t\t\t<i aria-hidden=\"true\" class=\"fas fa-arrow-circle-right\"><\/i>\t\t\t<\/span>\n\t\t\t\t\t\t\t\t\t<span class=\"elementor-button-text\">saiba mais<\/span>\n\t\t\t\t\t<\/span>\n\t\t\t\t\t<\/a>\n\t\t\t\t<\/div>\n\t\t\t\t\t\t\t\t<\/div>\n\t\t\t\t<\/div>\n\t\t\t\t\t<\/div>\n\t\t<\/div>\n\t\t\t\t\t<\/div>\n\t\t<\/section>\n\t\t\t\t<section class=\"elementor-section elementor-inner-section elementor-element elementor-element-9d3fe2d elementor-section-boxed elementor-section-height-default elementor-section-height-default\" data-id=\"9d3fe2d\" data-element_type=\"section\">\n\t\t\t\t\t\t<div class=\"elementor-container elementor-column-gap-no\">\n\t\t\t\t\t<div class=\"elementor-column elementor-col-100 elementor-inner-column elementor-element elementor-element-1699414\" data-id=\"1699414\" data-element_type=\"column\">\n\t\t\t<div class=\"elementor-widget-wrap elementor-element-populated\">\n\t\t\t\t\t\t<div class=\"elementor-element elementor-element-e72d98d elementor-widget-divider--view-line elementor-widget elementor-widget-divider\" data-id=\"e72d98d\" data-element_type=\"widget\" data-widget_type=\"divider.default\">\n\t\t\t\t<div class=\"elementor-widget-container\">\n\t\t\t\t\t\t\t<div class=\"elementor-divider\">\n\t\t\t<span class=\"elementor-divider-separator\">\n\t\t\t\t\t\t<\/span>\n\t\t<\/div>\n\t\t\t\t\t\t<\/div>\n\t\t\t\t<\/div>\n\t\t\t\t<div class=\"elementor-element elementor-element-faa48c1 elementor-widget elementor-widget-heading\" data-id=\"faa48c1\" data-element_type=\"widget\" data-widget_type=\"heading.default\">\n\t\t\t\t<div class=\"elementor-widget-container\">\n\t\t\t\t\t<h6 class=\"elementor-heading-title elementor-size-default\">22 DE MAR\u00c7O 2022 \/ 9:00 AM<\/h6>\t\t\t\t<\/div>\n\t\t\t\t<\/div>\n\t\t\t\t<div class=\"elementor-element elementor-element-9c5b950 elementor-widget elementor-widget-heading\" data-id=\"9c5b950\" data-element_type=\"widget\" data-widget_type=\"heading.default\">\n\t\t\t\t<div class=\"elementor-widget-container\">\n\t\t\t\t\t<h3 class=\"elementor-heading-title elementor-size-default\">Quais tipos de ensaios s\u00e3o realizados em cabos?<\/h3>\t\t\t\t<\/div>\n\t\t\t\t<\/div>\n\t\t\t\t\t<\/div>\n\t\t<\/div>\n\t\t\t\t\t<\/div>\n\t\t<\/section>\n\t\t\t\t<section class=\"elementor-section elementor-inner-section elementor-element elementor-element-8e3219a elementor-section-boxed elementor-section-height-default elementor-section-height-default\" data-id=\"8e3219a\" data-element_type=\"section\">\n\t\t\t\t\t\t<div class=\"elementor-container elementor-column-gap-no\">\n\t\t\t\t\t<div class=\"elementor-column elementor-col-50 elementor-inner-column elementor-element elementor-element-5cefb00\" data-id=\"5cefb00\" data-element_type=\"column\">\n\t\t\t<div class=\"elementor-widget-wrap elementor-element-populated\">\n\t\t\t\t\t\t<div class=\"elementor-element elementor-element-d59be60 elementor-widget elementor-widget-image\" data-id=\"d59be60\" data-element_type=\"widget\" data-widget_type=\"image.default\">\n\t\t\t\t<div class=\"elementor-widget-container\">\n\t\t\t\t\t\t\t\t\t\t\t\t\t\t\t<img decoding=\"async\" width=\"2560\" height=\"2560\" src=\"https:\/\/hipotdigital.com.br\/wp-content\/uploads\/2022\/04\/Post-FEV-_-MAR-16-scaled.jpg\" class=\"attachment-full size-full wp-image-1232\" alt=\"\" srcset=\"https:\/\/hipotdigital.com.br\/wp-content\/uploads\/2022\/04\/Post-FEV-_-MAR-16-scaled.jpg 2560w, https:\/\/hipotdigital.com.br\/wp-content\/uploads\/2022\/04\/Post-FEV-_-MAR-16-300x300.jpg 300w, https:\/\/hipotdigital.com.br\/wp-content\/uploads\/2022\/04\/Post-FEV-_-MAR-16-1024x1024.jpg 1024w, https:\/\/hipotdigital.com.br\/wp-content\/uploads\/2022\/04\/Post-FEV-_-MAR-16-150x150.jpg 150w, https:\/\/hipotdigital.com.br\/wp-content\/uploads\/2022\/04\/Post-FEV-_-MAR-16-768x768.jpg 768w, https:\/\/hipotdigital.com.br\/wp-content\/uploads\/2022\/04\/Post-FEV-_-MAR-16-1536x1536.jpg 1536w, https:\/\/hipotdigital.com.br\/wp-content\/uploads\/2022\/04\/Post-FEV-_-MAR-16-2048x2048.jpg 2048w, https:\/\/hipotdigital.com.br\/wp-content\/uploads\/2022\/04\/Post-FEV-_-MAR-16-1320x1320.jpg 1320w, https:\/\/hipotdigital.com.br\/wp-content\/uploads\/2022\/04\/Post-FEV-_-MAR-16-600x600.jpg 600w, https:\/\/hipotdigital.com.br\/wp-content\/uploads\/2022\/04\/Post-FEV-_-MAR-16-100x100.jpg 100w\" sizes=\"(max-width: 2560px) 100vw, 2560px\" \/>\t\t\t\t\t\t\t\t\t\t\t\t\t\t\t<\/div>\n\t\t\t\t<\/div>\n\t\t\t\t\t<\/div>\n\t\t<\/div>\n\t\t\t\t<div class=\"elementor-column elementor-col-50 elementor-inner-column elementor-element elementor-element-94f32c3\" data-id=\"94f32c3\" data-element_type=\"column\">\n\t\t\t<div class=\"elementor-widget-wrap elementor-element-populated\">\n\t\t\t\t\t\t<div class=\"elementor-element elementor-element-7e6f3e7 elementor-widget elementor-widget-text-editor\" data-id=\"7e6f3e7\" data-element_type=\"widget\" data-widget_type=\"text-editor.default\">\n\t\t\t\t<div class=\"elementor-widget-container\">\n\t\t\t\t\t\t\t\t\t<p>S\u00e3o dois os principais tipos de ensaios que podem ser realizados e que levam os nomes dos equipamentos empregados para tal: Hipot e Meg\u00f4hmetro. Ambos t\u00eam como fun\u00e7\u00f5es b\u00e1sicas atestar a capacidade e a resist\u00eancia de isolamento de cabo, sempre em rela\u00e7\u00e3o \u00e0s tens\u00f5es mais comuns de opera\u00e7\u00e3o e verificando se h\u00e1 \u201cfuga\u201d da corrente el\u00e9trica em algum ponto do cabo.<br \/>Os ensaios de tens\u00e3o aplicada em cabos s\u00e3o fundamentais no dia a dia de ind\u00fastrias dos mais variados segmentos. Podemos destacar, por exemplo, na rotina de concession\u00e1rias de energia el\u00e9trica, de fabricantes de fios e cabos el\u00e9tricos e tamb\u00e9m em empresas que lidam com engenharia de campo e operacional.<br \/>Quer saber mais como podemos te ajudar ou ajudar sua empresa?<br \/>Nos chame no Whats \ud83d\ude09!<br \/>wa.me\/1120817160<br \/><br \/><a class=\" xil3i\" tabindex=\"0\" href=\"https:\/\/www.instagram.com\/explore\/tags\/el%C3%A9trica\/\">#el\u00e9trica<\/a><br \/><a class=\" xil3i\" tabindex=\"0\" href=\"https:\/\/www.instagram.com\/explore\/tags\/rigidezdiel%C3%A9trica\/\">#rigidezdiel\u00e9trica<\/a><br \/><a class=\" xil3i\" tabindex=\"0\" href=\"https:\/\/www.instagram.com\/explore\/tags\/ensaioeletrico\/\">#ensaioeletrico<\/a><br \/><a class=\" xil3i\" tabindex=\"0\" href=\"https:\/\/www.instagram.com\/explore\/tags\/hipot\/\">#hipot<\/a><br \/><a class=\" xil3i\" tabindex=\"0\" href=\"https:\/\/www.instagram.com\/explore\/tags\/seguran%C3%A7a\/\">#seguran\u00e7a<\/a><br \/><a class=\" xil3i\" tabindex=\"0\" href=\"https:\/\/www.instagram.com\/explore\/tags\/saopaulo\/\">#saopaulo<\/a><\/p>\t\t\t\t\t\t\t\t<\/div>\n\t\t\t\t<\/div>\n\t\t\t\t<div class=\"elementor-element elementor-element-da9fa5b elementor-widget elementor-widget-button\" data-id=\"da9fa5b\" data-element_type=\"widget\" data-widget_type=\"button.default\">\n\t\t\t\t<div class=\"elementor-widget-container\">\n\t\t\t\t\t\t\t\t\t<div class=\"elementor-button-wrapper\">\n\t\t\t\t\t<a class=\"elementor-button elementor-button-link elementor-size-sm\" href=\"https:\/\/www.instagram.com\/p\/CbfiIW9rjgI\/?utm_source=ig_web_copy_link\">\n\t\t\t\t\t\t<span class=\"elementor-button-content-wrapper\">\n\t\t\t\t\t\t\t\t\t<span class=\"elementor-button-text\">saiba mais<\/span>\n\t\t\t\t\t<\/span>\n\t\t\t\t\t<\/a>\n\t\t\t\t<\/div>\n\t\t\t\t\t\t\t\t<\/div>\n\t\t\t\t<\/div>\n\t\t\t\t\t<\/div>\n\t\t<\/div>\n\t\t\t\t\t<\/div>\n\t\t<\/section>\n\t\t\t\t<section class=\"elementor-section elementor-inner-section elementor-element elementor-element-f3b4b5a elementor-section-boxed elementor-section-height-default elementor-section-height-default\" data-id=\"f3b4b5a\" data-element_type=\"section\">\n\t\t\t\t\t\t<div class=\"elementor-container elementor-column-gap-no\">\n\t\t\t\t\t<div class=\"elementor-column elementor-col-100 elementor-inner-column elementor-element elementor-element-a2fa424\" data-id=\"a2fa424\" data-element_type=\"column\">\n\t\t\t<div class=\"elementor-widget-wrap elementor-element-populated\">\n\t\t\t\t\t\t<div class=\"elementor-element elementor-element-769e664 elementor-widget-divider--view-line elementor-widget elementor-widget-divider\" data-id=\"769e664\" data-element_type=\"widget\" data-widget_type=\"divider.default\">\n\t\t\t\t<div class=\"elementor-widget-container\">\n\t\t\t\t\t\t\t<div class=\"elementor-divider\">\n\t\t\t<span class=\"elementor-divider-separator\">\n\t\t\t\t\t\t<\/span>\n\t\t<\/div>\n\t\t\t\t\t\t<\/div>\n\t\t\t\t<\/div>\n\t\t\t\t<div class=\"elementor-element elementor-element-abc4d4f elementor-widget elementor-widget-heading\" data-id=\"abc4d4f\" data-element_type=\"widget\" data-widget_type=\"heading.default\">\n\t\t\t\t<div class=\"elementor-widget-container\">\n\t\t\t\t\t<h6 class=\"elementor-heading-title elementor-size-default\">22 DE MAR\u00c7O 2022 \/ 8:00 PM<\/h6>\t\t\t\t<\/div>\n\t\t\t\t<\/div>\n\t\t\t\t<div class=\"elementor-element elementor-element-98e8288 elementor-widget elementor-widget-heading\" data-id=\"98e8288\" data-element_type=\"widget\" data-widget_type=\"heading.default\">\n\t\t\t\t<div class=\"elementor-widget-container\">\n\t\t\t\t\t<h3 class=\"elementor-heading-title elementor-size-default\">Ensaio de tens\u00e3o aplicada em cabos\n<\/h3>\t\t\t\t<\/div>\n\t\t\t\t<\/div>\n\t\t\t\t\t<\/div>\n\t\t<\/div>\n\t\t\t\t\t<\/div>\n\t\t<\/section>\n\t\t\t\t<section class=\"elementor-section elementor-inner-section elementor-element elementor-element-df35c8d elementor-section-boxed elementor-section-height-default elementor-section-height-default\" data-id=\"df35c8d\" data-element_type=\"section\">\n\t\t\t\t\t\t<div class=\"elementor-container elementor-column-gap-no\">\n\t\t\t\t\t<div class=\"elementor-column elementor-col-50 elementor-inner-column elementor-element elementor-element-a467142\" data-id=\"a467142\" data-element_type=\"column\">\n\t\t\t<div class=\"elementor-widget-wrap elementor-element-populated\">\n\t\t\t\t\t\t<div class=\"elementor-element elementor-element-86f4aff elementor-widget elementor-widget-image\" data-id=\"86f4aff\" data-element_type=\"widget\" data-widget_type=\"image.default\">\n\t\t\t\t<div class=\"elementor-widget-container\">\n\t\t\t\t\t\t\t\t\t\t\t\t\t\t\t<img decoding=\"async\" width=\"2560\" height=\"2560\" src=\"https:\/\/hipotdigital.com.br\/wp-content\/uploads\/2022\/04\/Post-FEV-_-MAR-07-scaled.jpg\" class=\"attachment-full size-full wp-image-1239\" alt=\"\" srcset=\"https:\/\/hipotdigital.com.br\/wp-content\/uploads\/2022\/04\/Post-FEV-_-MAR-07-scaled.jpg 2560w, https:\/\/hipotdigital.com.br\/wp-content\/uploads\/2022\/04\/Post-FEV-_-MAR-07-300x300.jpg 300w, https:\/\/hipotdigital.com.br\/wp-content\/uploads\/2022\/04\/Post-FEV-_-MAR-07-1024x1024.jpg 1024w, https:\/\/hipotdigital.com.br\/wp-content\/uploads\/2022\/04\/Post-FEV-_-MAR-07-150x150.jpg 150w, https:\/\/hipotdigital.com.br\/wp-content\/uploads\/2022\/04\/Post-FEV-_-MAR-07-768x768.jpg 768w, https:\/\/hipotdigital.com.br\/wp-content\/uploads\/2022\/04\/Post-FEV-_-MAR-07-1536x1536.jpg 1536w, https:\/\/hipotdigital.com.br\/wp-content\/uploads\/2022\/04\/Post-FEV-_-MAR-07-2048x2048.jpg 2048w, https:\/\/hipotdigital.com.br\/wp-content\/uploads\/2022\/04\/Post-FEV-_-MAR-07-1320x1320.jpg 1320w, https:\/\/hipotdigital.com.br\/wp-content\/uploads\/2022\/04\/Post-FEV-_-MAR-07-600x600.jpg 600w, https:\/\/hipotdigital.com.br\/wp-content\/uploads\/2022\/04\/Post-FEV-_-MAR-07-100x100.jpg 100w\" sizes=\"(max-width: 2560px) 100vw, 2560px\" \/>\t\t\t\t\t\t\t\t\t\t\t\t\t\t\t<\/div>\n\t\t\t\t<\/div>\n\t\t\t\t\t<\/div>\n\t\t<\/div>\n\t\t\t\t<div class=\"elementor-column elementor-col-50 elementor-inner-column elementor-element elementor-element-4f9fb8d\" data-id=\"4f9fb8d\" data-element_type=\"column\">\n\t\t\t<div class=\"elementor-widget-wrap elementor-element-populated\">\n\t\t\t\t\t\t<div class=\"elementor-element elementor-element-15e679b elementor-widget elementor-widget-text-editor\" data-id=\"15e679b\" data-element_type=\"widget\" data-widget_type=\"text-editor.default\">\n\t\t\t\t<div class=\"elementor-widget-container\">\n\t\t\t\t\t\t\t\t\t<p>Garantir o funcionamento de m\u00e1quinas e equipamentos \u00e9 fundamental para assegurar produtividade em todos os segmentos, e entender como \u00e9 realizado o ensaio de tens\u00e3o aplicada em cabos \u00e9 relevante.<br \/>Este protocolo tem com base a detec\u00e7\u00e3o de defeitos que possam interferir no funcionamento de cabos el\u00e9tricos, estes sendo de baixo ou m\u00e9dia tens\u00e3o. O ensaio de tens\u00e3o aplicada em cabos verifica a qualidade e o estado de conserva\u00e7\u00e3o de condutores isolados e v\u00e1rios acess\u00f3rios, garantindo assim a efic\u00e1cia de uma opera\u00e7\u00e3o.<br \/>Quer saber mais como podemos te ajudar ou ajudar sua empresa?<br \/>Nos chame no Whats \ud83d\ude09!<br \/>wa.me\/1120817160<br \/><br \/><a class=\" xil3i\" tabindex=\"0\" href=\"https:\/\/www.instagram.com\/explore\/tags\/el%C3%A9trica\/\">#el\u00e9trica<\/a><br \/><a class=\" xil3i\" tabindex=\"0\" href=\"https:\/\/www.instagram.com\/explore\/tags\/rigidezdiel%C3%A9trica\/\">#rigidezdiel\u00e9trica<\/a><br \/><a class=\" xil3i\" tabindex=\"0\" href=\"https:\/\/www.instagram.com\/explore\/tags\/ensaioeletrico\/\">#ensaioeletrico<\/a><br \/><a class=\" xil3i\" tabindex=\"0\" href=\"https:\/\/www.instagram.com\/explore\/tags\/hipot\/\">#hipot<\/a><br \/><a class=\" xil3i\" tabindex=\"0\" href=\"https:\/\/www.instagram.com\/explore\/tags\/seguran%C3%A7a\/\">#seguran\u00e7a<\/a><br \/><a class=\" xil3i\" tabindex=\"0\" href=\"https:\/\/www.instagram.com\/explore\/tags\/saopaulo\/\">#saopaulo<\/a><\/p>\t\t\t\t\t\t\t\t<\/div>\n\t\t\t\t<\/div>\n\t\t\t\t<div class=\"elementor-element elementor-element-55f9b85 elementor-widget elementor-widget-button\" data-id=\"55f9b85\" data-element_type=\"widget\" data-widget_type=\"button.default\">\n\t\t\t\t<div class=\"elementor-widget-container\">\n\t\t\t\t\t\t\t\t\t<div class=\"elementor-button-wrapper\">\n\t\t\t\t\t<a class=\"elementor-button elementor-button-link elementor-size-sm\" href=\"https:\/\/www.instagram.com\/p\/CbaoIHoJ6dP\/?utm_source=ig_web_copy_link\">\n\t\t\t\t\t\t<span class=\"elementor-button-content-wrapper\">\n\t\t\t\t\t\t\t\t\t<span class=\"elementor-button-text\">saiba mais<\/span>\n\t\t\t\t\t<\/span>\n\t\t\t\t\t<\/a>\n\t\t\t\t<\/div>\n\t\t\t\t\t\t\t\t<\/div>\n\t\t\t\t<\/div>\n\t\t\t\t\t<\/div>\n\t\t<\/div>\n\t\t\t\t\t<\/div>\n\t\t<\/section>\n\t\t\t\t\t<\/div>\n\t\t<\/div>\n\t\t\t\t\t<\/div>\n\t\t<\/section>\n\t\t\t\t<\/div>\n\t\t","protected":false},"excerpt":{"rendered":"<p>Encontre aqui Insights e conhecimento para ajudar voc\u00ea a crescer o seu neg\u00f3cio 22 DE MAR\u00c7O 2022 \/ 8:00 AM Principais normas de seguran\u00e7a para ensaios el\u00e9tricos Seguran\u00e7a \u00e9 fundamental para garantir o bom funcionamento e a capacidade de isolamento de cabos em diversas situa\u00e7\u00f5es e equipamentos. Confira as principais normas de seguran\u00e7a e qualidade &hellip;<\/p>\n<p class=\"read-more\"> <a class=\"\" href=\"https:\/\/hipotdigital.com.br\/?page_id=1226\"> <span class=\"screen-reader-text\">Blog<\/span> Leia mais &raquo;<\/a><\/p>\n","protected":false},"author":3,"featured_media":0,"parent":0,"menu_order":0,"comment_status":"closed","ping_status":"closed","template":"","meta":{"site-sidebar-layout":"no-sidebar","site-content-layout":"page-builder","ast-global-header-display":"","ast-banner-title-visibility":"","ast-main-header-display":"","ast-hfb-above-header-display":"","ast-hfb-below-header-display":"","ast-hfb-mobile-header-display":"","site-post-title":"disabled","ast-breadcrumbs-content":"","ast-featured-img":"disabled","footer-sml-layout":"","theme-transparent-header-meta":"","adv-header-id-meta":"","stick-header-meta":"","header-above-stick-meta":"","header-main-stick-meta":"","header-below-stick-meta":"","footnotes":""},"aioseo_notices":[],"_links":{"self":[{"href":"https:\/\/hipotdigital.com.br\/index.php?rest_route=\/wp\/v2\/pages\/1226"}],"collection":[{"href":"https:\/\/hipotdigital.com.br\/index.php?rest_route=\/wp\/v2\/pages"}],"about":[{"href":"https:\/\/hipotdigital.com.br\/index.php?rest_route=\/wp\/v2\/types\/page"}],"author":[{"embeddable":true,"href":"https:\/\/hipotdigital.com.br\/index.php?rest_route=\/wp\/v2\/users\/3"}],"replies":[{"embeddable":true,"href":"https:\/\/hipotdigital.com.br\/index.php?rest_route=%2Fwp%2Fv2%2Fcomments&post=1226"}],"version-history":[{"count":0,"href":"https:\/\/hipotdigital.com.br\/index.php?rest_route=\/wp\/v2\/pages\/1226\/revisions"}],"wp:attachment":[{"href":"https:\/\/hipotdigital.com.br\/index.php?rest_route=%2Fwp%2Fv2%2Fmedia&parent=1226"}],"curies":[{"name":"wp","href":"https:\/\/api.w.org\/{rel}","templated":true}]}}