{"id":27,"date":"2021-02-16T16:00:24","date_gmt":"2021-02-16T16:00:24","guid":{"rendered":"http:\/\/hipotdigital.com.br\/contact\/"},"modified":"2022-05-16T21:51:27","modified_gmt":"2022-05-17T00:51:27","slug":"contact","status":"publish","type":"page","link":"https:\/\/hipotdigital.com.br\/?page_id=27","title":{"rendered":"Fale Conosco"},"content":{"rendered":"\t\t<div data-elementor-type=\"wp-page\" data-elementor-id=\"27\" class=\"elementor elementor-27\">\n\t\t\t\t\t\t<section class=\"elementor-section elementor-top-section elementor-element elementor-element-2686b52 elementor-section-height-min-height elementor-section-boxed elementor-section-height-default elementor-section-items-middle\" data-id=\"2686b52\" data-element_type=\"section\" data-settings=\"{&quot;background_background&quot;:&quot;classic&quot;}\">\n\t\t\t\t\t\t\t<div class=\"elementor-background-overlay\"><\/div>\n\t\t\t\t\t\t\t<div class=\"elementor-container elementor-column-gap-no\">\n\t\t\t\t\t<div class=\"elementor-column elementor-col-100 elementor-top-column elementor-element elementor-element-a6ac6c6\" data-id=\"a6ac6c6\" data-element_type=\"column\">\n\t\t\t<div class=\"elementor-widget-wrap elementor-element-populated\">\n\t\t\t\t\t\t<div class=\"elementor-element elementor-element-99ee5f4 elementor-widget elementor-widget-heading\" data-id=\"99ee5f4\" data-element_type=\"widget\" data-widget_type=\"heading.default\">\n\t\t\t\t<div class=\"elementor-widget-container\">\n\t\t\t\t\t<h1 class=\"elementor-heading-title elementor-size-default\">Contato<\/h1>\t\t\t\t<\/div>\n\t\t\t\t<\/div>\n\t\t\t\t\t<\/div>\n\t\t<\/div>\n\t\t\t\t\t<\/div>\n\t\t<\/section>\n\t\t\t\t<section class=\"elementor-section elementor-top-section elementor-element elementor-element-3d3bbc1 elementor-section-boxed elementor-section-height-default elementor-section-height-default\" data-id=\"3d3bbc1\" data-element_type=\"section\" data-settings=\"{&quot;background_background&quot;:&quot;gradient&quot;}\">\n\t\t\t\t\t\t<div class=\"elementor-container elementor-column-gap-no\">\n\t\t\t\t\t<div class=\"elementor-column elementor-col-100 elementor-top-column elementor-element elementor-element-f442e19\" data-id=\"f442e19\" data-element_type=\"column\">\n\t\t\t<div class=\"elementor-widget-wrap elementor-element-populated\">\n\t\t\t\t\t\t<section class=\"elementor-section elementor-inner-section elementor-element elementor-element-cb64ece elementor-section-boxed elementor-section-height-default elementor-section-height-default\" data-id=\"cb64ece\" data-element_type=\"section\">\n\t\t\t\t\t\t<div class=\"elementor-container elementor-column-gap-no\">\n\t\t\t\t\t<div class=\"elementor-column elementor-col-50 elementor-inner-column elementor-element elementor-element-cf21eff\" data-id=\"cf21eff\" data-element_type=\"column\">\n\t\t\t<div class=\"elementor-widget-wrap elementor-element-populated\">\n\t\t\t\t\t\t<div class=\"elementor-element elementor-element-f99ab71 elementor-widget-divider--view-line elementor-widget elementor-widget-divider\" data-id=\"f99ab71\" data-element_type=\"widget\" data-widget_type=\"divider.default\">\n\t\t\t\t<div class=\"elementor-widget-container\">\n\t\t\t\t\t\t\t<div class=\"elementor-divider\">\n\t\t\t<span class=\"elementor-divider-separator\">\n\t\t\t\t\t\t<\/span>\n\t\t<\/div>\n\t\t\t\t\t\t<\/div>\n\t\t\t\t<\/div>\n\t\t\t\t<div class=\"elementor-element elementor-element-b233422 elementor-widget elementor-widget-heading\" data-id=\"b233422\" data-element_type=\"widget\" data-widget_type=\"heading.default\">\n\t\t\t\t<div class=\"elementor-widget-container\">\n\t\t\t\t\t<h2 class=\"elementor-heading-title elementor-size-default\">Solicite seu or\u00e7amento ou  uma visita t\u00e9cnica<\/h2>\t\t\t\t<\/div>\n\t\t\t\t<\/div>\n\t\t\t\t<div class=\"elementor-element elementor-element-d511c65 elementor-widget elementor-widget-text-editor\" data-id=\"d511c65\" data-element_type=\"widget\" data-widget_type=\"text-editor.default\">\n\t\t\t\t<div class=\"elementor-widget-container\">\n\t\t\t\t\t\t\t\t\t<p>Conte-nos como podemos ajudar voc\u00ea e\/ou sua empresa com um de nossas solu\u00e7\u00f5es. S\u00e3o mais de 12 anos de experi\u00eancia atendendo com inova\u00e7\u00e3o e seguran\u00e7a!<\/p>\t\t\t\t\t\t\t\t<\/div>\n\t\t\t\t<\/div>\n\t\t\t\t<div class=\"elementor-element elementor-element-4ce574d elementor-position-left elementor-view-default elementor-mobile-position-top elementor-vertical-align-top elementor-widget elementor-widget-icon-box\" data-id=\"4ce574d\" data-element_type=\"widget\" data-widget_type=\"icon-box.default\">\n\t\t\t\t<div class=\"elementor-widget-container\">\n\t\t\t\t\t\t\t<div class=\"elementor-icon-box-wrapper\">\n\n\t\t\t\t\t\t<div class=\"elementor-icon-box-icon\">\n\t\t\t\t<span  class=\"elementor-icon\">\n\t\t\t\t<i aria-hidden=\"true\" class=\"fas fa-map-marker-alt\"><\/i>\t\t\t\t<\/span>\n\t\t\t<\/div>\n\t\t\t\n\t\t\t\t\t\t<div class=\"elementor-icon-box-content\">\n\n\t\t\t\t\t\t\t\t\t<h6 class=\"elementor-icon-box-title\">\n\t\t\t\t\t\t<span  >\n\t\t\t\t\t\t\tOnde estamos\t\t\t\t\t\t<\/span>\n\t\t\t\t\t<\/h6>\n\t\t\t\t\n\t\t\t\t\t\t\t\t\t<p class=\"elementor-icon-box-description\">\n\t\t\t\t\t\tR Cel Carlos Oliva, 277 - Tatuap\u00e9 - S\u00e3o Paulo-SP - CEP: 03067-010\t\t\t\t\t<\/p>\n\t\t\t\t\n\t\t\t<\/div>\n\t\t\t\n\t\t<\/div>\n\t\t\t\t\t\t<\/div>\n\t\t\t\t<\/div>\n\t\t\t\t<div class=\"elementor-element elementor-element-dd7cee6 elementor-position-left elementor-view-default elementor-mobile-position-top elementor-vertical-align-top elementor-widget elementor-widget-icon-box\" data-id=\"dd7cee6\" data-element_type=\"widget\" data-widget_type=\"icon-box.default\">\n\t\t\t\t<div class=\"elementor-widget-container\">\n\t\t\t\t\t\t\t<div class=\"elementor-icon-box-wrapper\">\n\n\t\t\t\t\t\t<div class=\"elementor-icon-box-icon\">\n\t\t\t\t<span  class=\"elementor-icon\">\n\t\t\t\t<i aria-hidden=\"true\" class=\"fas fa-phone-alt\"><\/i>\t\t\t\t<\/span>\n\t\t\t<\/div>\n\t\t\t\n\t\t\t\t\t\t<div class=\"elementor-icon-box-content\">\n\n\t\t\t\t\t\t\t\t\t<h6 class=\"elementor-icon-box-title\">\n\t\t\t\t\t\t<span  >\n\t\t\t\t\t\t\tTelefone e WhatsAPP\t\t\t\t\t\t<\/span>\n\t\t\t\t\t<\/h6>\n\t\t\t\t\n\t\t\t\t\t\t\t\t\t<p class=\"elementor-icon-box-description\">\n\t\t\t\t\t\t+55 11 2081-7160\t\t\t\t\t<\/p>\n\t\t\t\t\n\t\t\t<\/div>\n\t\t\t\n\t\t<\/div>\n\t\t\t\t\t\t<\/div>\n\t\t\t\t<\/div>\n\t\t\t\t<div class=\"elementor-element elementor-element-c12b8c7 elementor-position-left elementor-view-default elementor-mobile-position-top elementor-vertical-align-top elementor-widget elementor-widget-icon-box\" data-id=\"c12b8c7\" data-element_type=\"widget\" data-widget_type=\"icon-box.default\">\n\t\t\t\t<div class=\"elementor-widget-container\">\n\t\t\t\t\t\t\t<div class=\"elementor-icon-box-wrapper\">\n\n\t\t\t\t\t\t<div class=\"elementor-icon-box-icon\">\n\t\t\t\t<span  class=\"elementor-icon\">\n\t\t\t\t<i aria-hidden=\"true\" class=\"fas fa-envelope\"><\/i>\t\t\t\t<\/span>\n\t\t\t<\/div>\n\t\t\t\n\t\t\t\t\t\t<div class=\"elementor-icon-box-content\">\n\n\t\t\t\t\t\t\t\t\t<h6 class=\"elementor-icon-box-title\">\n\t\t\t\t\t\t<span  >\n\t\t\t\t\t\t\tE-mail\t\t\t\t\t\t<\/span>\n\t\t\t\t\t<\/h6>\n\t\t\t\t\n\t\t\t\t\t\t\t\t\t<p class=\"elementor-icon-box-description\">\n\t\t\t\t\t\tatendimento@hipotdigital.com.br\t\t\t\t\t<\/p>\n\t\t\t\t\n\t\t\t<\/div>\n\t\t\t\n\t\t<\/div>\n\t\t\t\t\t\t<\/div>\n\t\t\t\t<\/div>\n\t\t\t\t\t<\/div>\n\t\t<\/div>\n\t\t\t\t<div class=\"elementor-column elementor-col-50 elementor-inner-column elementor-element elementor-element-773b1e3\" data-id=\"773b1e3\" data-element_type=\"column\" data-settings=\"{&quot;background_background&quot;:&quot;classic&quot;}\">\n\t\t\t<div class=\"elementor-widget-wrap elementor-element-populated\">\n\t\t\t\t\t\t<div class=\"elementor-element elementor-element-7ef3202 elementor-widget elementor-widget-heading\" data-id=\"7ef3202\" data-element_type=\"widget\" data-widget_type=\"heading.default\">\n\t\t\t\t<div class=\"elementor-widget-container\">\n\t\t\t\t\t<h3 class=\"elementor-heading-title elementor-size-default\">Fale conosco<\/h3>\t\t\t\t<\/div>\n\t\t\t\t<\/div>\n\t\t\t\t<div class=\"elementor-element elementor-element-cde396b elementor-widget elementor-widget-text-editor\" data-id=\"cde396b\" data-element_type=\"widget\" data-widget_type=\"text-editor.default\">\n\t\t\t\t<div class=\"elementor-widget-container\">\n\t\t\t\t\t\t\t\t\t<div class=\"elementor-element elementor-element-422f839 elementor-widget elementor-widget-heading\" data-id=\"422f839\" data-element_type=\"widget\" data-widget_type=\"heading.default\"><div class=\"elementor-widget-container\"><span style=\"font-size: 16px;\">Preencha com seus dados e receba o contato da nossa equipe.<\/span><\/div><div class=\"elementor-widget-container\"><span style=\"font-size: 16px;\">N\u00e3o enviamos spam\u00a0 ;-).<\/span><\/div><\/div>\t\t\t\t\t\t\t\t<\/div>\n\t\t\t\t<\/div>\n\t\t\t\t<div class=\"elementor-element elementor-element-4469e0e elementor-widget elementor-widget-wpforms\" data-id=\"4469e0e\" data-element_type=\"widget\" data-widget_type=\"wpforms.default\">\n\t\t\t\t<div class=\"elementor-widget-container\">\n\t\t\t\t\t<div class=\"wpforms-container \" id=\"wpforms-1255\"><form id=\"wpforms-form-1255\" class=\"wpforms-validate wpforms-form\" data-formid=\"1255\" method=\"post\" enctype=\"multipart\/form-data\" action=\"\/index.php?rest_route=%2Fwp%2Fv2%2Fpages%2F27\" data-token=\"7067d93643109c99742dbfa9183573ba\" data-token-time=\"1775911881\"><noscript class=\"wpforms-error-noscript\">Ative o JavaScript no seu navegador para preencher este formul\u00e1rio.<\/noscript><div class=\"wpforms-field-container\"><div id=\"wpforms-1255-field_0-container\" class=\"wpforms-field wpforms-field-name\" data-field-id=\"0\"><label class=\"wpforms-field-label\" for=\"wpforms-1255-field_0\">Nome <span class=\"wpforms-required-label\">*<\/span><\/label><input type=\"text\" id=\"wpforms-1255-field_0\" class=\"wpforms-field-large wpforms-field-required\" name=\"wpforms[fields][0]\" required><\/div><div id=\"wpforms-1255-field_15-container\" class=\"wpforms-field wpforms-field-name\" data-field-id=\"15\"><label class=\"wpforms-field-label\" for=\"wpforms-1255-field_15\">Empresa <span class=\"wpforms-required-label\">*<\/span><\/label><input type=\"text\" id=\"wpforms-1255-field_15\" class=\"wpforms-field-large wpforms-field-required\" name=\"wpforms[fields][15]\" required><\/div><div id=\"wpforms-1255-field_1-container\" class=\"wpforms-field wpforms-field-email\" data-field-id=\"1\"><label class=\"wpforms-field-label\" for=\"wpforms-1255-field_1\">E-mail <span class=\"wpforms-required-label\">*<\/span><\/label><input type=\"email\" id=\"wpforms-1255-field_1\" class=\"wpforms-field-large wpforms-field-required\" name=\"wpforms[fields][1]\" spellcheck=\"false\" required><\/div><div id=\"wpforms-1255-field_14-container\" class=\"wpforms-field wpforms-field-select wpforms-field-select-style-classic\" data-field-id=\"14\"><label class=\"wpforms-field-label\" for=\"wpforms-1255-field_14\">Estado <span class=\"wpforms-required-label\">*<\/span><\/label><select id=\"wpforms-1255-field_14\" class=\"wpforms-field-large wpforms-field-required\" name=\"wpforms[fields][14]\" required=\"required\"><option value=\"Acre\"  class=\"choice-4 depth-1\"  >Acre<\/option><option value=\"Alagoas\"  class=\"choice-5 depth-1\"  >Alagoas<\/option><option value=\"Amap\u00e1\"  class=\"choice-6 depth-1\"  >Amap\u00e1<\/option><option value=\"Amazonas\"  class=\"choice-7 depth-1\"  >Amazonas<\/option><option value=\"Bahia\"  class=\"choice-8 depth-1\"  >Bahia<\/option><option value=\"Ceara\"  class=\"choice-9 depth-1\"  >Ceara<\/option><option value=\"Distrito Federal\"  class=\"choice-10 depth-1\"  >Distrito Federal<\/option><option value=\"Esp\u00edrito Santo\"  class=\"choice-11 depth-1\"  >Esp\u00edrito Santo<\/option><option value=\"Goi\u00e1s\"  class=\"choice-12 depth-1\"  >Goi\u00e1s<\/option><option value=\"Maranh\u00e3o\"  class=\"choice-13 depth-1\"  >Maranh\u00e3o<\/option><option value=\"Mato Grosso\"  class=\"choice-14 depth-1\"  >Mato Grosso<\/option><option value=\"Mato Grosso do Sul\"  class=\"choice-15 depth-1\"  >Mato Grosso do Sul<\/option><option value=\"Minas Gerais\"  class=\"choice-16 depth-1\"  >Minas Gerais<\/option><option value=\"Par\u00e1\"  class=\"choice-17 depth-1\"  >Par\u00e1<\/option><option value=\"Para\u00edba\"  class=\"choice-18 depth-1\"  >Para\u00edba<\/option><option value=\"Paran\u00e1\"  class=\"choice-19 depth-1\"  >Paran\u00e1<\/option><option value=\"Pernambuco\"  class=\"choice-20 depth-1\"  >Pernambuco<\/option><option value=\"Piau\u00ed\"  class=\"choice-21 depth-1\"  >Piau\u00ed<\/option><option value=\"Rio de Janeiro\"  class=\"choice-22 depth-1\"  >Rio de Janeiro<\/option><option value=\"Rio Grande do Norte\"  class=\"choice-23 depth-1\"  >Rio Grande do Norte<\/option><option value=\"Rio Grande do Sul\"  class=\"choice-24 depth-1\"  >Rio Grande do Sul<\/option><option value=\"Rond\u00f4nia\"  class=\"choice-25 depth-1\"  >Rond\u00f4nia<\/option><option value=\"Roraima\"  class=\"choice-26 depth-1\"  >Roraima<\/option><option value=\"Santa Catarina\"  class=\"choice-27 depth-1\"  >Santa Catarina<\/option><option value=\"S\u00e3o Paulo\"  selected='selected' class=\"choice-28 depth-1\"  >S\u00e3o Paulo<\/option><option value=\"Sergipe\"  class=\"choice-29 depth-1\"  >Sergipe<\/option><option value=\"Tocantins\"  class=\"choice-30 depth-1\"  >Tocantins<\/option><\/select><\/div><div id=\"wpforms-1255-field_3-container\" class=\"wpforms-field wpforms-field-number\" data-field-id=\"3\"><label class=\"wpforms-field-label\" for=\"wpforms-1255-field_3\">Telefone: <span class=\"wpforms-required-label\">*<\/span><\/label><input type=\"number\" id=\"wpforms-1255-field_3\" class=\"wpforms-field-large wpforms-field-required\" name=\"wpforms[fields][3]\" step=\"any\" required><\/div><div id=\"wpforms-1255-field_6-container\" class=\"wpforms-field wpforms-field-checkbox wpforms-list-inline\" data-field-id=\"6\"><label class=\"wpforms-field-label\">Qual sua solicita\u00e7\u00e3o? <span class=\"wpforms-required-label\">*<\/span><\/label><ul id=\"wpforms-1255-field_6\" class=\"wpforms-field-required\"><li class=\"choice-2 depth-1\"><input type=\"checkbox\" id=\"wpforms-1255-field_6_2\" name=\"wpforms[fields][6][]\" value=\"Or\u00e7amento de produto\" required ><label class=\"wpforms-field-label-inline\" for=\"wpforms-1255-field_6_2\">Or\u00e7amento de produto<\/label><\/li><li class=\"choice-1 depth-1\"><input type=\"checkbox\" id=\"wpforms-1255-field_6_1\" name=\"wpforms[fields][6][]\" value=\"Visita t\u00e9cnica\" required ><label class=\"wpforms-field-label-inline\" for=\"wpforms-1255-field_6_1\">Visita t\u00e9cnica<\/label><\/li><\/ul><\/div><div id=\"wpforms-1255-field_10-container\" class=\"wpforms-field wpforms-field-checkbox wpforms-list-inline\" data-field-id=\"10\"><label class=\"wpforms-field-label\">Hipot AC<\/label><ul id=\"wpforms-1255-field_10\"><li class=\"choice-4 depth-1\"><input type=\"checkbox\" id=\"wpforms-1255-field_10_4\" name=\"wpforms[fields][10][]\" value=\"Hipot 100kV 100 mA(AC)\"  ><label class=\"wpforms-field-label-inline\" for=\"wpforms-1255-field_10_4\">Hipot 100kV 100 mA(AC)<\/label><\/li><li class=\"choice-5 depth-1\"><input type=\"checkbox\" id=\"wpforms-1255-field_10_5\" name=\"wpforms[fields][10][]\" value=\"Hipot 60KV 100 mA(AC)\"  ><label class=\"wpforms-field-label-inline\" for=\"wpforms-1255-field_10_5\">Hipot 60KV 100 mA(AC)<\/label><\/li><li class=\"choice-6 depth-1\"><input type=\"checkbox\" id=\"wpforms-1255-field_10_6\" name=\"wpforms[fields][10][]\" value=\"Hipot 50kV 60 mA(AC)\"  ><label class=\"wpforms-field-label-inline\" for=\"wpforms-1255-field_10_6\">Hipot 50kV 60 mA(AC)<\/label><\/li><li class=\"choice-7 depth-1\"><input type=\"checkbox\" id=\"wpforms-1255-field_10_7\" name=\"wpforms[fields][10][]\" value=\"Hipot 50kV 50 mA(AC)\"  ><label class=\"wpforms-field-label-inline\" for=\"wpforms-1255-field_10_7\">Hipot 50kV 50 mA(AC)<\/label><\/li><\/ul><\/div><div id=\"wpforms-1255-field_9-container\" class=\"wpforms-field wpforms-field-checkbox wpforms-list-inline\" data-field-id=\"9\"><label class=\"wpforms-field-label\">Hipot DC<\/label><ul id=\"wpforms-1255-field_9\"><li class=\"choice-4 depth-1\"><input type=\"checkbox\" id=\"wpforms-1255-field_9_4\" name=\"wpforms[fields][9][]\" value=\"Hipot 120kV 5 mA (CC)\"  ><label class=\"wpforms-field-label-inline\" for=\"wpforms-1255-field_9_4\">Hipot 120kV 5 mA (CC)<\/label><\/li><li class=\"choice-5 depth-1\"><input type=\"checkbox\" id=\"wpforms-1255-field_9_5\" name=\"wpforms[fields][9][]\" value=\"Hipot 60kV 5 mA (CC)\"  ><label class=\"wpforms-field-label-inline\" for=\"wpforms-1255-field_9_5\">Hipot 60kV 5 mA (CC)<\/label><\/li><\/ul><\/div><div id=\"wpforms-1255-field_8-container\" class=\"wpforms-field wpforms-field-checkbox wpforms-list-inline\" data-field-id=\"8\"><label class=\"wpforms-field-label\">Hipot Port\u00e1til<\/label><ul id=\"wpforms-1255-field_8\"><li class=\"choice-2 depth-1\"><input type=\"checkbox\" id=\"wpforms-1255-field_8_2\" name=\"wpforms[fields][8][]\" value=\"Hipot Port\u00e1til 120KV 5mA (CC)\"  ><label class=\"wpforms-field-label-inline\" for=\"wpforms-1255-field_8_2\">Hipot Port\u00e1til 120KV 5mA (CC)<\/label><\/li><li class=\"choice-1 depth-1\"><input type=\"checkbox\" id=\"wpforms-1255-field_8_1\" name=\"wpforms[fields][8][]\" value=\"Hipot Port\u00e1til 60KV 5mA (CC)\"  ><label class=\"wpforms-field-label-inline\" for=\"wpforms-1255-field_8_1\">Hipot Port\u00e1til 60KV 5mA (CC)<\/label><\/li><li class=\"choice-3 depth-1\"><input type=\"checkbox\" id=\"wpforms-1255-field_8_3\" name=\"wpforms[fields][8][]\" value=\"Hipot Port\u00e1til 5KV 30mA (AC)\"  ><label class=\"wpforms-field-label-inline\" for=\"wpforms-1255-field_8_3\">Hipot Port\u00e1til 5KV 30mA (AC)<\/label><\/li><\/ul><\/div><div id=\"wpforms-1255-field_2-container\" class=\"wpforms-field wpforms-field-textarea\" data-field-id=\"2\"><label class=\"wpforms-field-label\" for=\"wpforms-1255-field_2\">Mensagem<\/label><textarea id=\"wpforms-1255-field_2\" class=\"wpforms-field-medium\" name=\"wpforms[fields][2]\" ><\/textarea><\/div><\/div><!-- .wpforms-field-container --><div class=\"wpforms-recaptcha-container wpforms-is-recaptcha wpforms-is-recaptcha-type-v2\" ><div class=\"g-recaptcha\" data-sitekey=\"6LdXqK8iAAAAAObdxVr1fXLo1OKx_xty-5aInxRO\"><\/div><input type=\"text\" name=\"g-recaptcha-hidden\" class=\"wpforms-recaptcha-hidden\" style=\"position:absolute!important;clip:rect(0,0,0,0)!important;height:1px!important;width:1px!important;border:0!important;overflow:hidden!important;padding:0!important;margin:0!important;\" data-rule-recaptcha=\"1\"><\/div><div class=\"wpforms-submit-container\" ><input type=\"hidden\" name=\"wpforms[id]\" value=\"1255\"><input type=\"hidden\" name=\"page_title\" value=\"\"><input type=\"hidden\" name=\"page_url\" value=\"https:\/\/hipotdigital.com.br\/index.php?rest_route=\/wp\/v2\/pages\/27\"><input type=\"hidden\" name=\"url_referer\" value=\"\"><button type=\"submit\" name=\"wpforms[submit]\" id=\"wpforms-submit-1255\" class=\"wpforms-submit\" data-alt-text=\"Enviando...\" data-submit-text=\"Enviar\" aria-live=\"assertive\" value=\"wpforms-submit\">Enviar<\/button><\/div><\/form><\/div>  <!-- .wpforms-container -->\t\t\t\t<\/div>\n\t\t\t\t<\/div>\n\t\t\t\t\t<\/div>\n\t\t<\/div>\n\t\t\t\t\t<\/div>\n\t\t<\/section>\n\t\t\t\t\t<\/div>\n\t\t<\/div>\n\t\t\t\t\t<\/div>\n\t\t<\/section>\n\t\t\t\t<section class=\"elementor-section elementor-top-section elementor-element elementor-element-b61efa0 elementor-section-boxed elementor-section-height-default elementor-section-height-default\" data-id=\"b61efa0\" data-element_type=\"section\">\n\t\t\t\t\t\t<div class=\"elementor-container elementor-column-gap-default\">\n\t\t\t\t\t<div class=\"elementor-column elementor-col-100 elementor-top-column elementor-element elementor-element-30c86c2\" data-id=\"30c86c2\" data-element_type=\"column\">\n\t\t\t<div class=\"elementor-widget-wrap elementor-element-populated\">\n\t\t\t\t\t\t<div class=\"elementor-element elementor-element-4965919 elementor-widget elementor-widget-google_maps\" data-id=\"4965919\" data-element_type=\"widget\" data-widget_type=\"google_maps.default\">\n\t\t\t\t<div class=\"elementor-widget-container\">\n\t\t\t\t\t\t\t<div class=\"elementor-custom-embed\">\n\t\t\t<iframe loading=\"lazy\"\n\t\t\t\t\tsrc=\"https:\/\/maps.google.com\/maps?q=R%20Cel%20Carlos%20Oliva%2C%20277%20-%20Tatuap%C3%A9%20-%20S%C3%A3o%20Paulo-SP%20-%20CEP%3A%2003067-010&#038;t=m&#038;z=16&#038;output=embed&#038;iwloc=near\"\n\t\t\t\t\ttitle=\"R Cel Carlos Oliva, 277 - Tatuap\u00e9 - S\u00e3o Paulo-SP - CEP: 03067-010\"\n\t\t\t\t\taria-label=\"R Cel Carlos Oliva, 277 - Tatuap\u00e9 - S\u00e3o Paulo-SP - CEP: 03067-010\"\n\t\t\t><\/iframe>\n\t\t<\/div>\n\t\t\t\t\t\t<\/div>\n\t\t\t\t<\/div>\n\t\t\t\t\t<\/div>\n\t\t<\/div>\n\t\t\t\t\t<\/div>\n\t\t<\/section>\n\t\t\t\t<\/div>\n\t\t","protected":false},"excerpt":{"rendered":"<p>Contato Solicite seu or\u00e7amento ou uma visita t\u00e9cnica Conte-nos como podemos ajudar voc\u00ea e\/ou sua empresa com um de nossas solu\u00e7\u00f5es. S\u00e3o mais de 12 anos de experi\u00eancia atendendo com inova\u00e7\u00e3o e seguran\u00e7a! Onde estamos R Cel Carlos Oliva, 277 &#8211; Tatuap\u00e9 &#8211; S\u00e3o Paulo-SP &#8211; CEP: 03067-010 Telefone e WhatsAPP +55 11 2081-7160 E-mail &hellip;<\/p>\n<p class=\"read-more\"> <a class=\"\" href=\"https:\/\/hipotdigital.com.br\/?page_id=27\"> <span class=\"screen-reader-text\">Fale Conosco<\/span> Leia mais &raquo;<\/a><\/p>\n","protected":false},"author":1,"featured_media":0,"parent":0,"menu_order":0,"comment_status":"closed","ping_status":"closed","template":"","meta":{"site-sidebar-layout":"no-sidebar","site-content-layout":"page-builder","ast-global-header-display":"","ast-banner-title-visibility":"","ast-main-header-display":"","ast-hfb-above-header-display":"","ast-hfb-below-header-display":"","ast-hfb-mobile-header-display":"","site-post-title":"disabled","ast-breadcrumbs-content":"disabled","ast-featured-img":"disabled","footer-sml-layout":"","theme-transparent-header-meta":"disabled","adv-header-id-meta":"","stick-header-meta":"","header-above-stick-meta":"","header-main-stick-meta":"","header-below-stick-meta":"","footnotes":""},"aioseo_notices":[],"_links":{"self":[{"href":"https:\/\/hipotdigital.com.br\/index.php?rest_route=\/wp\/v2\/pages\/27"}],"collection":[{"href":"https:\/\/hipotdigital.com.br\/index.php?rest_route=\/wp\/v2\/pages"}],"about":[{"href":"https:\/\/hipotdigital.com.br\/index.php?rest_route=\/wp\/v2\/types\/page"}],"author":[{"embeddable":true,"href":"https:\/\/hipotdigital.com.br\/index.php?rest_route=\/wp\/v2\/users\/1"}],"replies":[{"embeddable":true,"href":"https:\/\/hipotdigital.com.br\/index.php?rest_route=%2Fwp%2Fv2%2Fcomments&post=27"}],"version-history":[{"count":0,"href":"https:\/\/hipotdigital.com.br\/index.php?rest_route=\/wp\/v2\/pages\/27\/revisions"}],"wp:attachment":[{"href":"https:\/\/hipotdigital.com.br\/index.php?rest_route=%2Fwp%2Fv2%2Fmedia&parent=27"}],"curies":[{"name":"wp","href":"https:\/\/api.w.org\/{rel}","templated":true}]}}